vative of -13*i**2 - 3*i - 6. Is x(c) a prime number?
False
Let a(h) = h**3 - 8*h**2 - 7*h - 5. Let k be a(-6). Let q = 166 - k. Is q composite?
True
Let s = -22 + 22. Suppose -3*h + h + 338 = s. Is h a composite number?
True
Suppose -n - 2*n - b + 2659 = 0, 2*n = 4*b + 1782. Is n a prime number?
True
Let k be 15/(-10)*92/(-3). Suppose 4*t - 30 = k. Is t a prime number?
True
Suppose -4 = 2*j, -2*q = 3*j - 47 - 183. Is q a composite number?
True
Let f = -19 + 266. Is f a composite number?
True
Suppose 10*v - 15 = 5*v. Suppose j - 238 = -2*h - 4*j, -4*h + v*j = -424. Is h a composite number?
False
Let p = -59 + 114. Is p a composite number?
True
Let x = -229 - -968. Is x a prime number?
True
Let s(v) = v**3 + 7*v**2 + 3. Let g be s(-7). Suppose -g*a + 11 = -1. Is a a composite number?
True
Let j(f) = -2*f**3 - 2*f**2 + f. Let i(d) = -d**3 - 3*d**2 - d - 1. Let l be i(-2). Is j(l) a prime number?
False
Let x be 2/(16/4)*0. Suppose -2*z + 218 + 410 = x. Is z a prime number?
False
Let y(s) = -89*s - 47. Is y(-6) a composite number?
False
Let p(k) = 2*k - 2. Let a be p(3). Suppose -4*n + o + 127 = 0, -76 - 109 = -5*n - 4*o. Suppose -5*v - y = y - n, 5*y + 33 = a*v. Is v composite?
False
Let v(x) = x**2 - 11*x - 43. Is v(-18) prime?
True
Let w(q) = q**2 + 3. Suppose 4*s + 2*u - 4*u = 0, 2*u = 0. Let b be w(s). Let v(r) = -r**3 + 4*r**2 - 2. Is v(b) composite?
False
Suppose -9 - 236 = -5*r. Is r prime?
False
Let r(k) = -k**3 - 8*k**2 - 7*k - 2. Let d be r(-7). Let j be 1/d - (-11)/2. Suppose 2*u = j*b + 3, -2*b + 10 = 2*u - 0. Is u a prime number?
False
Suppose -3*g = -4*g + 2. Suppose 0 = 3*v - g - 4. Is v - (-10 - 1 - -2) a prime number?
True
Suppose 5137 = 13*n - 206. Is n composite?
True
Is (-244)/(-1) + -11 + 14 a composite number?
True
Let b = 12970 - 6971. Is b a prime number?
False
Let l(j) = 5*j. Let b(y) = 4*y. Let w(f) = 3*b(f) - 2*l(f). Let v be w(-2). Let z = 3 - v. Is z composite?
False
Suppose 2 = -4*v - 18, -v = 4*x - 503. Is x composite?
False
Let m be 106*(9/6 + -2). Let t = m + 91. Suppose 0 = 2*d - 0*d - t. Is d a prime number?
True
Is 3 - 1 - (-7200)/9 prime?
False
Suppose -3*p + 13 + 14 = 0. Let y(k) = 2*k**2 - 1. Let f be y(-1). Let b = p + f. Is b a prime number?
False
Is (-2431)/(-44) + (-1)/4 - 4 a prime number?
False
Suppose -5*q - 25 = 0, 2*q - 429 - 181 = -4*r. Let y be (r - -3)/(-2) - -3. Is y/(-10)*(-15)/(-6) prime?
True
Let o(r) = 2*r**2 + 11*r + 7. Let w be o(-7). Is ((-21)/(-6))/(2/w) a prime number?
False
Let z = -5947 + 8342. Is z composite?
True
Suppose 3*u = -0*u + 231. Suppose 4*n = 2*b - 290, n + u = -0*b - b. Is n/(-3)*45/6 prime?
False
Suppose -987 = -5*g + 4*x - x, g - 5*x = 193. Let c be (2/(-4))/(7/(-4382)). Let p = c - g. Is p composite?
True
Let a be 3*(0 + 2/3). Let l(v) = 1 + 0 - a*v - 4*v. Is l(-4) composite?
True
Suppose 2*i - 35 = 1. Let f be i*(3/6)/1. Suppose -f = l - 4, -5*l - 67 = -2*n. Is n prime?
False
Let i = -177 + 296. Is i a composite number?
True
Let b(y) = 8*y**3 - y**2 - 2*y - 1. Let x be b(-1). Is (-2074)/(-18) + x/36 prime?
False
Suppose -i = 4*o - 222, 0 = -i + 3*o + 147 + 40. Let l = -133 + i. Is l a composite number?
True
Let a = -185 + 555. Suppose -a = -0*d - 5*d. Is d composite?
True
Let f be 35 + (6 - 0) + -3. Let q = 18 - 34. Let b = q + f. Is b prime?
False
Is (-45693)/(-27) + 2/3 a composite number?
False
Let q(f) = -2*f + 3. Let z be q(3). Is 156 + z/3 + 0 prime?
False
Suppose 0 = 4*x + 1 - 13. Suppose 6 = x*w - 0*w. Let z(y) = y**2 - 2*y + 3. Is z(w) a prime number?
True
Suppose 3*p - 3*z + 0*z = -174, -5*p = 2*z + 276. Let j = p - -145. Is j prime?
True
Let v(n) = n - 12. Let q be v(8). Is q + 32/4 - -111 a prime number?
False
Let w = 11 - -4. Is w a prime number?
False
Let o(q) = q**3 + q**2 - 5*q - 4. Let m be o(-3). Let l(u) = 8*u + 9. Let x be l(m). Let r = -26 - x. Is r composite?
True
Let h be (4/4)/(1/5). Suppose -h*m + 3*o = -4, -m + 4*o - 5 = 1. Is (-291)/(-27) - m/(-9) a prime number?
True
Suppose 2*y + 2*n = 4*n - 2, y - 4*n = -4. Is y/(-1) - -1*23 a composite number?
False
Let i be 3*2*8/12. Let g be (1 + 0)/(i/(-16)). Is (-12)/g*70/6 prime?
False
Let j(o) = o**2 + 89. Suppose 5*q = -0*q. Is j(q) a composite number?
False
Let n(g) = -2*g**2 - 6*g - 4. Let z be n(-4). Let v be (z/15)/((-4)/10). Suppose 0 = -3*s - v*s + 4*x + 75, 5*x + 30 = 2*s. Is s composite?
True
Let i = 14 - 42. Let t = i - -65. Suppose -o = -t - 10. Is o prime?
True
Suppose 0 = q - 5*q. Let d(g) = -3*g - g - 3*g - 2 + q*g. Is d(-5) a composite number?
True
Let m = -1 - -5. Suppose m*j - 135 - 373 = 0. Is j composite?
False
Suppose 8*s = 10*s - 50. Is s a composite number?
True
Is -2*(-5)/(40/508) a composite number?
False
Let p be (-12)/90 + 17/15. Let w(r) = 179*r**3 - r**2 + r - 1. Is w(p) a composite number?
True
Suppose -239 = -n - 4*s, 2*n - s = 482 + 23. Let d be (-4)/14 + 933/7. Let y = n - d. Is y composite?
True
Suppose 2*z + 5 = z, f - 2*z = 533. Is f composite?
False
Let u(q) = q**3 + q**2 + 2*q + 4. Let j be u(-2). Is ((-501)/(-6))/((-2)/j) a composite number?
False
Is (-40827)/(-6) - (-3)/(-2) a prime number?
True
Let m be (-19)/(-7) + (-12)/(-42). Suppose -4*s - m*d = -s - 15, 4*s + d - 35 = 0. Is s prime?
False
Suppose -229 + 61 = 4*f. Let n = f - -104. Suppose 2*j + 0 = n. Is j prime?
True
Suppose -4*d = 222 - 706. Suppose 2*n + 3*n + 190 = 0. Let y = d + n. Is y a composite number?
False
Suppose -k + 4429 = 6*v - 3*v, 4*v + 2*k - 5904 = 0. Is v a prime number?
False
Let i(z) be the second derivative of 2*z + z**2 + 0 - 1/6*z**3. Is i(-4) a prime number?
False
Let z = 1213 + -854. Is z prime?
True
Let y(l) = l**2 - 3*l + 4. Let u be y(3). Is (-141)/(-21) - u/(-14) a composite number?
False
Is (5/2)/(36/6984) a prime number?
False
Let q = 251 - 25. Is q a prime number?
False
Let s = -53 + 310. Is s a composite number?
False
Let a(h) = -19*h**3 + 4*h**2 + 6*h - 9. Is a(-4) composite?
True
Let g(z) = -z + 10. Let m be g(11). Suppose 2*d = 3*s + 24, 4*d + 5 = -4*s + 33. Let l = d - m. Is l prime?
False
Suppose 2*q = -2*q. Let x(f) be the third derivative of f**5/60 + f**4/24 + 2*f**3/3 + f**2. Is x(q) prime?
False
Let n(g) be the second derivative of g**4/12 - 5*g**3/6 + 9*g**2/2 - 3*g. Is n(6) a composite number?
True
Let j = 583 + -330. Is j a prime number?
False
Suppose 0 = 3*s - 6*s + 2*w + 2677, 3*w - 4430 = -5*s. Is s a prime number?
False
Suppose -2*a - 25 = -3. Let g = -1 - a. Is g prime?
False
Let u be 0 - -2 - 852/(-3). Suppose -4*n = 235 + 569. Let z = n + u. Is z composite?
True
Suppose -j = 27 - 650. Is j a prime number?
False
Let g(i) be the first derivative of -i**3/3 - 2*i**2 + 6*i + 4. Let t be g(-6). Is t/(-4)*(-1526)/(-21) prime?
True
Let k(r) = -r + 5. Let l be k(-4). Let q = 8 + 2. Let w = l + q. Is w composite?
False
Let g(c) = 31*c - 3. Let v = 3 + -1. Is g(v) a prime number?
True
Suppose 0 = -z + 3*z - 262. Is z prime?
True
Let g = 372 - -1831. Is g prime?
True
Let w = -15 - -19. Suppose 0 = -w*s + 393 + 131. Is s a composite number?
False
Let r = 0 - 5. Let h = 8 + r. Suppose -8 = 4*k, h*j + 5*k - 3 = 5. Is j a composite number?
True
Let z = 18 + -13. Suppose z*j - 326 = 119. Is j composite?
False
Is 6/2 - (-2 + -110) prime?
False
Suppose 1304 = -3*a + 11*a. Is a a composite number?
False
Let y(v) = -v**3 + 3*v**2 + 7*v. Let b be y(7). Let z = b - -250. Is z composite?
False
Suppose -5*u - 3*z + 5*z = -2730, -2*z + 558 = u. Let o = u - 366. Let i = -49 + o. Is i prime?
False
Let j = -176 + 909. Is j composite?
False
Suppose 5*z - r - 2*r + 380 = 0, z - 3*r = -88. Let w = z + 126. Is w a composite number?
False
Let o be 14/(-63) - (-20056)/18. Suppose 3*j = 5*j - o. Is j a prime number?
True
Let q = 1402 + -723. Is q prime?
False
Let v(l) = l**3 + 7*l**2 - 3*l + 5. Is v(-6) prime?
True
Suppose -6 = -5*w + 3889. Is w composite?
True
Suppose 2137 = 4*g - 4*w - 335, 0 = -2*g - 3*w + 1261. Is g a composite number?
True
Let d be ((-167)/(-3))/((-4)/(-12)). Let o = d + -58. Is o a prime number?
True
Let h(p) = 27*p**2 - 6*p - 17. Is h(-10) a composite number?
True
Suppose -2636 = -2*o - 0*o + i, 4*o + 2*i - 5280 = 0. Is o a composite number?
False
Suppose 0 = -5*z + 164 + 136. Let m = z - -125. Is m a composite number?
True
Suppose 7*p - 4*p = 132. Let g be